is -42141 + -210?
-42401
In base 7, what is 61 - 143602?
-143511
In base 3, what is 10102220 - 1?
10102212
In base 15, what is 10cb0d - 2?
10cb0b
In base 10, what is 42 + 324?
366
In base 8, what is -2 - 6041243?
-6041245
In base 9, what is -104 - 8752?
-8856
In base 7, what is 4 - -10344?
10351
In base 8, what is 2 + 16707?
16711
In base 2, what is 10111110111110001 + -1?
10111110111110000
In base 9, what is -67 - 788?
-866
In base 2, what is -1010001001 + 1010?
-1001111111
In base 8, what is -503 - -71?
-412
In base 15, what is 19b041 - 3?
19b03d
In base 2, what is -1101000000010101 + 1101?
-1101000000001000
In base 16, what is -2a25 - -3?
-2a22
In base 4, what is 1200331 + 10?
1201001
In base 12, what is -14159 + 10?
-14149
In base 9, what is -71 + -77?
-158
In base 10, what is 7477 + 26?
7503
In base 12, what is 1 - 6033?
-6032
In base 9, what is 3 + 114757?
114761
In base 6, what is 2443 - 4345?
-1502
In base 13, what is -3 + 85300?
852ca
In base 8, what is -45371 - 66?
-45457
In base 5, what is 13410020 - 2?
13410013
In base 14, what is 4396 + 4?
439a
In base 4, what is 20 + -1003322?
-1003302
In base 6, what is 23 - 1014?
-551
In base 13, what is 179 + -a4?
a5
In base 8, what is -472 + 51?
-421
In base 16, what is -3a2 - -106?
-29c
In base 10, what is 1 + -61761?
-61760
In base 2, what is -1010010 + 11110010?
10100000
In base 8, what is -20 + 71521?
71501
In base 3, what is -101011202122 + -11?
-101011202210
In base 14, what is -1c + -5d9?
-617
In base 11, what is -2 + -17a38?
-17a3a
In base 16, what is 3 - 2531b?
-25318
In base 5, what is 204202 + -4?
204143
In base 5, what is 3234114121 + -1?
3234114120
In base 16, what is -11 - -2f2?
2e1
In base 9, what is -2 + 1501618?
1501616
In base 6, what is 4 - -12033?
12041
In base 4, what is -2310211131 + 1?
-2310211130
In base 10, what is 2 + 12655?
12657
In base 11, what is -2 + 5aa15?
5aa13
In base 15, what is -2887c + -e?
-2888b
In base 8, what is -400 + -2014?
-2414
In base 13, what is 84 + 13aab?
13b62
In base 3, what is 1212 - -1010020?
1012002
In base 11, what is -30 + 194a?
191a
In base 14, what is -25976 + -5?
-2597b
In base 4, what is -2 - 1321210?
-1321212
In base 10, what is -27120 - 19?
-27139
In base 13, what is 1 - 30c0?
-30bc
In base 14, what is -c84 + -336?
-11ba
In base 14, what is -5 + -1a8d?
-1a94
In base 12, what is -5 + -1190b?
-11914
In base 14, what is -96 + -36a5?
-375b
In base 7, what is 21656 - 4?
21652
In base 15, what is 1518 - 10?
1508
In base 11, what is -84a + a2?
-758
In base 14, what is 5 + 190305?
19030a
In base 11, what is -34 - -6737?
6703
In base 10, what is 32030 - -4?
32034
In base 4, what is -2 + -3130011?
-3130013
In base 3, what is -220 + -212201?
-220121
In base 13, what is 2745 - 7?
273b
In base 5, what is 13030444 + 10?
13031004
In base 15, what is -8ad + -69e?
-105c
In base 16, what is -5 - -4c55?
4c50
In base 6, what is 0 - 3004532?
-3004532
In base 16, what is 3d - -284?
2c1
In base 11, what is -62 - 2?
-64
In base 15, what is 4c4b - 1?
4c4a
In base 7, what is 20 + 3005465?
3005515
In base 3, what is 1002102100 - -112?
1002102212
In base 16, what is 149c + -6?
1496
In base 9, what is -20428 + 4?
-20424
In base 15, what is 0 - d20b1?
-d20b1
In base 9, what is -1 + 1111128?
1111127
In base 5, what is 10 + 14411010?
14411020
In base 9, what is 47 + 2360?
2417
In base 8, what is -15 - 2715?
-2732
In base 3, what is -10112121102002 + 10?
-10112121101222
In base 11, what is 23015 + -a?
23006
In base 2, what is 11001001000101 - 100?
11001001000001
In base 6, what is 23532 - 2?
23530
In base 9, what is 45 - 4741?
-4685
In base 8, what is -33670 - -6?
-33662
In base 9, what is 2713 - -34?
2747
In base 11, what is 11 + -1631?
-1620
In base 11, what is -1a23 + 46?
-1988
In base 12, what is -5 - -93698?
93693
In base 6, what is -11 - 125004?
-125015
In base 14, what is 3 + -2256?
-2253
In base 11, what is 3 + -116101?
-1160a9
In base 14, what is 158 - 130?
28
In base 14, what is 0 - -8917?
8917
In base 8, what is -13 + -2321036?
-2321051
In base 9, what is -2422 + -370?
-2802
In base 10, what is 4 - -7959?
7963
In base 8, what is 4 - 454702?
-454676
In base 12, what is 0 - 264b4?
-264b4
In base 13, what is -122 + -599?
-6bb
In base 15, what is 2eb74 - 2?
2eb72
In base 16, what is 6 - 52e?
-528
In base 11, what is -1 - 18787?
-18788
In base 14, what is -1a3 - -29?
-178
In base 9, what is 8 + -234047?
-234038
In base 14, what is 58d - -1dc?
78b
In base 13, what is 4428 + 7b?
44a6
In base 5, what is -3 - -232224?
232221
In base 10, what is -1275 - -94?
-1181
In base 15, what is 66c - 56?
616
In base 8, what is -207303 - 3?
-207306
In base 7, what is 46 + 4424?
4503
In base 8, what is 3474 + -17?
3455
In base 7, what is -2044 - -54?
-1660
In base 9, what is -1268 + -3?
-1272
In base 5, what is 111023402 + 4?
111023411
In base 15, what is -104 + 94d?
849
In base 13, what is -4 + -64763?
-64767
In base 4, what is 2320 - -210010?
212330
In base 9, what is 104654 - 0?
104654
In base 4, what is -10 - 300101?
-300111
In base 10, what is -1164259 + -4?
-1164263
In base 2, what is -1111000 + -10011101011110?
-10011111010110
In base 14, what is -16 - 402ab?
-402c3
In base 15, what is 5 + 1e6e?
1e74
In base 8, what is -31126 + 60?
-31046
In base 8, what is 75604 - 63?
75521
In base 10, what is 698 - -31?
729
In base 6, what is 14311 - 11?
14300
In base 2, what is 1111 + -100101001110?
-100100111111
In base 9, what is 8507 - 38?
8458
In base 11, what is 4 - 40596?
-40592
In base 13, what is -2998 + -15b?
-2b26
In base 13, what is -3 + -14017?
-1401a
In base 12, what is 13 + -438a?
-4377
In base 9, what is 352555 - -7?
352563
In base 9, what is 3226 - 17?
3208
In base 10, what is 21373 + 38?
21411
In base 16, what is -3 - 257?
-25a
In base 7, what is 3 + -1034621?
-1034615
In base 7, what is 156 + -2026?
-1540
In base 7, what is 1423 - -113?
1536
In base 16, what is -1b045 + -3?
-1b048
In base 14, what is 216 + -10a?
10a
In base 7, what is -354224 - 4?
-354231
In base 11, what is 11 + 6586a?
65880
In base 6, what is 5 + 221252?
221301
In base 9, what is 124408 + 6?
124415
In base 7, what is 505424 + 4?
505431
In base 11, what is 144 + -21a?
-86
In base 4, what is 22112123 + 20?
22112203
In base 3, what is -11 - 22122221?
-22200002
In base 6, what is -252 + -30?
-322
In base 4, what is 22212 + -13?
22133
In base 11, what is 191 + 3601?
3792
In base 8, what is -20 + -4624?
-4644
In base 10, what is -2436 - -39?
-2397
In base 12, what is 35b29 + 2?
35b2b
In base 16, what is -8 - a27?
-a2f
In base 5, what is 2341 - -30?
2421
In base 2, what is 1000101100 - -100101110111?
101110100011
In base 9, what is -13803 + 20?
-13773
In base 2, what is -1110 + 1011110100100010001?
1011110100100000011
In base 4, what is -10 - -11102323?
11102313
In base 16, what is -fc - -2ce?
1d2
In base 4, what is -21 - 1231213?
-1231300
In base 11, what is 43303 - -2?
43305
In base 6, what is 1512 + -5?
1503
In base 3, what is -11 - -2102210201?
2102210120
In base 2, what is -101010 - 11001010111101?
-11001011100111
In base 9, what is -4 + -6603?
-6607
In base 9, what is -172686 - 21?
-172717
In base 16, what is -1eb155 + 4?
-1eb151
In base 2, what is 1101111100101 - 101?
1101111100000
In base 4, what is 101112001 - 13?
101111322
In base 13, what is -3 - 17126?
-17129
In base 8, what is 5 + 45522?
45527
In base 12, what is a - 17883?
-17875
In base 13, what is -186a + 279?
-15c1
In base 8, what is -321675 - 3?
-321700
In base 6, what is -244401 - 0?
-244401
In base 8, what is -204 - -210?
4
In base 6, what is -104230 + -3?
-104233
In base 2, what is -101101001001 - -110?
-101101000011
In base 8, what is 2173 + -43?
2130
In base 10, what is 33 - -2660?
2693
In base 2, what is -1110 + -111001111110011?
-111010000000001
In base 5, what is 1232243 + 0?
1232243
In base 13, what is -465508 + 2?
-465506
In base 2, what is -10001000001110110 - 11?
-10001000001111001
In base 14, what is 4da - 11b?
3bd
In base 5, what is 202 - -113041?
113243
In base 11, what is 616a + -15?
6155
In base 7, what is -162261 - 3?
-162264
In base 4, what is 101302323 + 0?
101302323
In base 13, what is -2847 + 8?
-283c
In base 6, what is 55420 - -3?
55423
In base 15, what is 78 - 14?
64
In base 6, what is -13 + -11035?
-11052
I